{"id":825,"date":"2020-11-16T18:06:37","date_gmt":"2020-11-16T21:06:37","guid":{"rendered":"https:\/\/iseef-ers.infd.edu.ar\/sitio\/?page_id=825"},"modified":"2025-11-14T18:21:56","modified_gmt":"2025-11-14T21:21:56","slug":"requisitos-ingreso-2021","status":"publish","type":"page","link":"https:\/\/iseef-ers.infd.edu.ar\/sitio\/requisitos-ingreso-2021\/","title":{"rendered":"Plan de estudios RES 0979\/17 CGE"},"content":{"rendered":"\n<h4 class=\"wp-block-heading\"><strong><a href=\"https:\/\/iseef-ers.infd.edu.ar\/sitio\/wp-content\/uploads\/2025\/11\/0979-17_CGE_Aprueba_Disen_o_Curricular_Profesorado_de_Educacion_Fisica.pdf\">0979-17 CGE Dise\u00f1o Curricular Profesorado de Educaci\u00f3n F\u00edsica<\/a><\/strong><\/h4>\n\n\n<h1 class=\"wp-block wp-block-post-title block-editor-block-list__block editor-post-title editor-post-title__input rich-text is-selected\" role=\"textbox\" contenteditable=\"true\" aria-label=\"Escribe un t\u00edtulo\" aria-multiline=\"true\">REQUISITOS DE INSCRIPCI\u00d3N 2026<\/h1>\n<p><img decoding=\"async\" loading=\"lazy\" class=\"alignnone size-medium wp-image-977\" src=\"https:\/\/iseef-ers.infd.edu.ar\/sitio\/wp-content\/uploads\/2025\/10\/REQUISITOS-DE-INSCRIPCION-948x1000.jpg\" alt=\"\" width=\"948\" height=\"1000\" srcset=\"https:\/\/iseef-ers.infd.edu.ar\/sitio\/wp-content\/uploads\/2025\/10\/REQUISITOS-DE-INSCRIPCION-948x1000.jpg 948w, https:\/\/iseef-ers.infd.edu.ar\/sitio\/wp-content\/uploads\/2025\/10\/REQUISITOS-DE-INSCRIPCION-768x810.jpg 768w, https:\/\/iseef-ers.infd.edu.ar\/sitio\/wp-content\/uploads\/2025\/10\/REQUISITOS-DE-INSCRIPCION.jpg 1248w\" sizes=\"(max-width: 948px) 100vw, 948px\" \/><\/p>\n<p>Los estudios pueden realizarlos en instituci\u00f3n p\u00fablica o privada( si tienen obra social)<\/p>\n<p>Ahora sigue formalizar la inscripci\u00f3n:<\/p>\n<p>\u00bfQu\u00e9 debo presentar como m\u00ednimo?<\/p>\n<p><span style=\"color: #ff0000;\"><strong>Para realizar la inscripci\u00f3n, m\u00ednimamente, se deber\u00e1 presentar la siguiente documentaci\u00f3n:<\/strong><\/span><\/p>\n<p>* Fotocopia del DNI (Ambos lados).<br \/>* 4 Fotos 4&#215;4 Color.<br \/>* Constancia de CUIL.<br \/>* Fotocopia legalizada de la partida de nacimiento.<br \/>* Certificado de finalizaci\u00f3n de estudios, constancia de t\u00edtulo en tr\u00e1mite o fotocopia autenticada del t\u00edtulo secundario.<br \/>* Certificado m\u00e9dico de apto f\u00edsico para realizar actividades deportivas-competitivas de alto rendimiento<br \/>* Certificado de vacunaci\u00f3n completa.<\/p>\n<p><strong><span style=\"color: #ff0000;\">NO SE RECIBIR\u00c1N INSCRIPCIONES SIN ESTOS REQUISITOS M\u00cdNIMOS<\/span><\/strong><\/p>\n<p>\u00bfCu\u00e1ndo los debo entregar personalmente?<\/p>\n<p>Primera etapa: desde el 1 de Diciembre al 12 de Diciembre 2025.<br \/>En los horarios:<br \/>de 09hs a 11hs Preceptora Prof. Noceti Julieta\/ Diego Ricagno.<br \/>de 16hs a 18Hs Preceptor Prof. Gonz\u00e1lez Lorena\/ Santa Cruz Diego<\/p>\n<p>Segunda etapa: desde el 24 de febrero 2026 al 28 de Febrero, con toda la documentaci\u00f3n completa.<\/p>\n<p>&#8212;&#8212;&#8212;&#8212;&#8212;&#8212;&#8212;&#8212;&#8212;&#8212;&#8212;-<\/p>\n<p><strong>Importante<\/strong>:<br \/>Una vez que entregaron lo m\u00ednimo, se considerar\u00e1n formalmente inscriptos a la carrera.<\/p>\n<p>&#8212;&#8212;&#8212;&#8212;&#8212;&#8212;&#8212;&#8212;&#8212;&#8212;&#8212;<\/p>\n<p>Curso de Ingreso Proped\u00e9utico: fecha a confirmar. ( Obligatorio)<br \/>Todos los ingresantes 2026 presentarse con ropa deportiva el (fecha a confirmar) a las 8:00hs en la sede institucional<br \/><strong>Importante:<\/strong><br \/>El cupo ser\u00e1 limitado. Tendr\u00e1 prioridad quien complete toda la documentaci\u00f3n al cierre.<br \/>El turno ma\u00f1ana queda sujeto a distribuci\u00f3n de los estudiantes. Luego se informar\u00e1 listas definitiva de turnos.<\/p>\n<p><strong>Consultas importantes:<\/strong><br \/>En grupo de WhatsApp.( cuando habilitemos el modo- avisaremos)\u2026 no enviar por privado por favor. Tratamos de responder en el grupo de manera general porque una duda de un compa\u00f1ero puede dilucidar alguna duda de otro.-<\/p>\n<p><strong>Aclaraci\u00f3n:<\/strong><\/p>\n<p>Para estudiantes que por alguna raz\u00f3n abandonaron el a\u00f1o pasado, o este a\u00f1o 2025, o retoman de otros a\u00f1os, deben tener en claro que estos son los estudios que deben repetir y presentar\/anexar a sus legajos:<\/p>\n<p>Electrocardiograma<br \/>Ergometria<br \/>Ecocardiograma<\/p>\n<p>Certificado m\u00e9dico para realizar actividades f\u00edsicas de m\u00e1xima intensidad y\/o competitivo-deportivo o alto rendimiento.<\/p>\n<p>Los estudios m\u00e9dicos con los correspondientes informes.<\/p>\n<h1><strong><a href=\"https:\/\/www.google.com.ar\/maps\/place\/ISEEF\/@-31.3748834,-58.003825,18z\/data=!4m6!3m5!1s0x95adc29f11c7b2c1:0xb84eed875b25b38a!8m2!3d-31.3744574!4d-58.0035675!16s%2Fg%2F11f1xfsk4f?entry=ttu\" target=\"_blank\" rel=\"noopener\">Como llegar<\/a><\/strong><\/h1>","protected":false},"excerpt":{"rendered":"<p>0979-17 CGE Dise\u00f1o Curricular Profesorado de Educaci\u00f3n F\u00edsica REQUISITOS DE INSCRIPCI\u00d3N 2026 Los estudios pueden realizarlos en instituci\u00f3n p\u00fablica o privada( si tienen obra social) Ahora sigue formalizar la inscripci\u00f3n: \u00bfQu\u00e9 debo presentar como m\u00ednimo? Para realizar la inscripci\u00f3n, m\u00ednimamente, se deber\u00e1 presentar la siguiente documentaci\u00f3n: * Fotocopia del DNI (Ambos lados).* 4 Fotos 4&#215;4 &#8230; <a title=\"Plan de estudios RES 0979\/17 CGE\" class=\"read-more\" href=\"https:\/\/iseef-ers.infd.edu.ar\/sitio\/requisitos-ingreso-2021\/\" aria-label=\"More on Plan de estudios RES 0979\/17 CGE\">[+]<\/a><\/p>\n","protected":false},"author":755,"featured_media":0,"parent":0,"menu_order":0,"comment_status":"closed","ping_status":"closed","template":"","meta":[],"acf":[],"_links":{"self":[{"href":"https:\/\/iseef-ers.infd.edu.ar\/sitio\/wp-json\/wp\/v2\/pages\/825"}],"collection":[{"href":"https:\/\/iseef-ers.infd.edu.ar\/sitio\/wp-json\/wp\/v2\/pages"}],"about":[{"href":"https:\/\/iseef-ers.infd.edu.ar\/sitio\/wp-json\/wp\/v2\/types\/page"}],"author":[{"embeddable":true,"href":"https:\/\/iseef-ers.infd.edu.ar\/sitio\/wp-json\/wp\/v2\/users\/755"}],"replies":[{"embeddable":true,"href":"https:\/\/iseef-ers.infd.edu.ar\/sitio\/wp-json\/wp\/v2\/comments?post=825"}],"version-history":[{"count":22,"href":"https:\/\/iseef-ers.infd.edu.ar\/sitio\/wp-json\/wp\/v2\/pages\/825\/revisions"}],"predecessor-version":[{"id":1006,"href":"https:\/\/iseef-ers.infd.edu.ar\/sitio\/wp-json\/wp\/v2\/pages\/825\/revisions\/1006"}],"wp:attachment":[{"href":"https:\/\/iseef-ers.infd.edu.ar\/sitio\/wp-json\/wp\/v2\/media?parent=825"}],"curies":[{"name":"wp","href":"https:\/\/api.w.org\/{rel}","templated":true}]}}