{"id":810,"date":"2020-11-16T16:10:16","date_gmt":"2020-11-16T19:10:16","guid":{"rendered":"https:\/\/iseef-ers.infd.edu.ar\/sitio\/?page_id=810"},"modified":"2025-11-14T18:01:04","modified_gmt":"2025-11-14T21:01:04","slug":"pre-inscripcion-2021","status":"publish","type":"page","link":"https:\/\/iseef-ers.infd.edu.ar\/sitio\/autoridades\/pre-inscripcion-2021\/","title":{"rendered":"Matriculaci\u00f3n 2026 Alumnos Regulares"},"content":{"rendered":"<h5><strong>Matriculaci\u00f3n de 2do a 4to a\u00f1o para estudiantes regulares 2026:<\/strong><\/h5>\n<p>Etapa virtual (mediante formulario).<\/p>\n<p><strong>Formulario de Matriculaci\u00f3n:<\/strong><\/p>\n<p>El formulario de Matriculaci\u00f3n estar\u00e1 disponible PROXIMAMENTE<\/p>\n<p>Formulario de Matriculaci\u00f3n (Finalizado)<\/p>\n<p><a href=\"https:\/\/drive.google.com\/file\/d\/1idMdBJqYZ2nqwa8ZRRu0WUH6Sx1W5_EN\/view?usp=drive_link\">Tutorial Matriculaci\u00f3n<\/a><\/p>\n<p><strong>CORRELATIVIDADES VIGENT<\/strong><\/p>\n<p>Tener en cuenta al matricularse sistema de correlatividades. Los que ingresaron a primer a\u00f1o hasta el a\u00f1o 2022, ver Resoluci\u00f3n 4625\/17 CGE.<\/p>\n<p><a href=\"https:\/\/des-ers.infd.edu.ar\/sitio\/formacion-docente\/upload\/Res_4625-17_CGE.pdf\" target=\"_blank\" rel=\"noopener\">Res 4625-17 CGE<\/a><\/p>\n<p>Los que ingresaron a primer a\u00f1o 2023 ver Resoluci\u00f3n 0338\/23 CGE<\/p>\n<p><a href=\"https:\/\/drive.google.com\/file\/d\/1nZc4alA_dqdnQpVrEs8zQz0Dv0_mWKE9\/view\" target=\"_blank\" rel=\"noopener\">Res 0338-23 CGE<\/a><\/p>\n<p>A las Pr\u00e1cticas Docentes 2-3-4 se pueden inscribir condicional hasta mayo 2025 (y rendir y aprobar mesas extraordinarias mayo 2025)<\/p>\n<p>Consultas importantes:<\/p>\n<p>IG: iseef_concordia<\/p>\n<p>Facebook\/iseefconcordia<\/p>\n","protected":false},"excerpt":{"rendered":"<p>Matriculaci\u00f3n de 2do a 4to a\u00f1o para estudiantes regulares 2026: Etapa virtual (mediante formulario). Formulario de Matriculaci\u00f3n: El formulario de Matriculaci\u00f3n estar\u00e1 disponible PROXIMAMENTE Formulario de Matriculaci\u00f3n (Finalizado) Tutorial Matriculaci\u00f3n CORRELATIVIDADES VIGENT Tener en cuenta al matricularse sistema de correlatividades. Los que ingresaron a primer a\u00f1o hasta el a\u00f1o 2022, ver Resoluci\u00f3n 4625\/17 CGE. Res &#8230; <a title=\"Matriculaci\u00f3n 2026 Alumnos Regulares\" class=\"read-more\" href=\"https:\/\/iseef-ers.infd.edu.ar\/sitio\/autoridades\/pre-inscripcion-2021\/\" aria-label=\"More on Matriculaci\u00f3n 2026 Alumnos Regulares\">[+]<\/a><\/p>\n","protected":false},"author":755,"featured_media":0,"parent":766,"menu_order":1,"comment_status":"closed","ping_status":"closed","template":"","meta":[],"acf":[],"_links":{"self":[{"href":"https:\/\/iseef-ers.infd.edu.ar\/sitio\/wp-json\/wp\/v2\/pages\/810"}],"collection":[{"href":"https:\/\/iseef-ers.infd.edu.ar\/sitio\/wp-json\/wp\/v2\/pages"}],"about":[{"href":"https:\/\/iseef-ers.infd.edu.ar\/sitio\/wp-json\/wp\/v2\/types\/page"}],"author":[{"embeddable":true,"href":"https:\/\/iseef-ers.infd.edu.ar\/sitio\/wp-json\/wp\/v2\/users\/755"}],"replies":[{"embeddable":true,"href":"https:\/\/iseef-ers.infd.edu.ar\/sitio\/wp-json\/wp\/v2\/comments?post=810"}],"version-history":[{"count":35,"href":"https:\/\/iseef-ers.infd.edu.ar\/sitio\/wp-json\/wp\/v2\/pages\/810\/revisions"}],"predecessor-version":[{"id":999,"href":"https:\/\/iseef-ers.infd.edu.ar\/sitio\/wp-json\/wp\/v2\/pages\/810\/revisions\/999"}],"up":[{"embeddable":true,"href":"https:\/\/iseef-ers.infd.edu.ar\/sitio\/wp-json\/wp\/v2\/pages\/766"}],"wp:attachment":[{"href":"https:\/\/iseef-ers.infd.edu.ar\/sitio\/wp-json\/wp\/v2\/media?parent=810"}],"curies":[{"name":"wp","href":"https:\/\/api.w.org\/{rel}","templated":true}]}}